t. Let r = x - -1702. List the prime factors of r.
617
Suppose 0*z + 769719 - 231006 = 51*z. List the prime factors of z.
3, 7, 503
Suppose p - 31759 = -6*c + 19295, -204296 = -4*p - 4*c. What are the prime factors of p?
2, 3, 8513
Let l = -461 - -511. Suppose 0 = l*z - 63*z + 13390. What are the prime factors of z?
2, 5, 103
List the prime factors of 4/(-34) - (-45523)/(-34)*(-34 + 24).
3, 4463
Let z be (2 - -1)*3/(3 + 0). Suppose 4 = -v, 0 = -b + z*v + 4 + 13. Suppose -3*t + b*y = -247, 5*t + 28 = -3*y + 485. List the prime factors of t.
89
Suppose 5*p - 4 + 5 = -a, 4*p - 2*a + 12 = 0. Let s = p - -51. List the prime factors of s.
2, 5
Suppose 214 = -6*k + k - 4*w, 2*k - 2*w + 100 = 0. Let f = k - -43. What are the prime factors of ((-1250)/(-15))/((-2)/f)?
5
Suppose -36 = -31*g + 522. Suppose g*l = 7966 - 2260. List the prime factors of l.
317
Let x be 4*14/32*8. Suppose 6*l + x = 74. Suppose -5*f - l = -45. List the prime factors of f.
7
Let d be (-9)/((-1431)/234 + 6). What are the prime factors of (d/(-36)*9)/(3/(-8))?
2, 13
Suppose 2*f - 357 = 871. Suppose 3*y - 5*w = 1839, y + 52*w = 54*w + f. List the prime factors of y.
2, 19
Let u be (18/12)/(6/(-1208)). Let f be -10 + (-1 - (-3 + -3)). List the prime factors of u*(-3 + 2) - (-4 - f).
7, 43
Suppose 0 = -b + f + 54672 - 11390, -2*b + 3*f = -86558. List the prime factors of b.
2, 7, 773
Let p = -50 - -49. Let c be (-2)/(-6) - (p + 156/(-18)). Suppose -231 = 9*y - c*y. List the prime factors of y.
3, 7, 11
Suppose 24*l - 78 = 378. Suppose l*c = 21*c - 782. List the prime factors of c.
17, 23
Let i(c) = -3*c**2 + 37*c - 40. Let q be i(11). Suppose 0 = -t - 2*n + 1255, 1306 = -q*t - 2*n + 6356. List the prime factors of t.
5, 11, 23
Suppose -7*t + 2*t - 10 = 0. Let b be ((-12)/t)/(9/258). Suppose -38 = 2*a - b. What are the prime factors of a?
67
What are the prime factors of 20/(14 + (-19005)/1358)?
2, 5, 97
Suppose 2*q + 2*c + 1593 = -3*c, -q = -3*c + 780. Let y = 165 - q. List the prime factors of y.
2, 3, 53
Suppose 4*m = 5*y + 693, -2*m - 3*y = -19 - 322. Suppose 50*s = -53*s + 88*s + 30. Suppose -u = -s*g - m, -5*u = g + 4*g - 935. List the prime factors of u.
2, 7, 13
Let o be (12/10)/3*110/44. List the prime factors of 39/o*(-252)/(-36).
3, 7, 13
Let k(x) be the first derivative of x**4/12 - x**3 + 13*x**2/2 - 12*x + 31. Let d(n) be the first derivative of k(n). What are the prime factors of d(16)?
173
Suppose 5*k - 23 = -2*u, 0*k - u = -3*k + 16. Suppose 4*s - 118 = -y, 0*s + 548 = k*y - s. What are the prime factors of (y/(-15))/((-4)/18)?
3, 11
Let v = 15 - 6. Let u(t) = -t**2 + 36*t + 162. Let f be u(-4). Suppose v = f*o - 89. List the prime factors of o.
7
Suppose 0*t - 78 = -5*t + l, 3*t - 42 = 3*l. Suppose t*x - 21*x = -1860. List the prime factors of x.
2, 3, 31
Suppose 8*a + 21 = 37. Suppose 0*d + 508 = a*d. List the prime factors of d.
2, 127
Suppose 0 = -5*i + 3*c - 5471 + 39601, 4*i = -4*c + 27336. What are the prime factors of i?
6829
Let c be (-8050)/(-92)*18/1. Suppose -23*o + c = -633. List the prime factors of o.
2, 3
Let t be (25/10 - 1)*(0 - -4). Let h be (18/(-12))/(t/16). List the prime factors of (-674)/h - (-36)/(-24).
167
Let u be (2/4)/(7/14)*-3. Let k be ((-29)/2)/(u/72). Suppose -17*x - k = -21*x. What are the prime factors of x?
3, 29
Let g(q) = -71*q + 6839. List the prime factors of g(-105).
2, 7, 1021
Suppose -7*r = -9*r + 3*y + 27, -13 = 2*r + 5*y. Suppose -r*p - 2298 = -9*p. List the prime factors of p.
2, 383
Suppose -3*b = 3*o + 2181, -732 = o + 10*b - 8*b. Let r = o + 1471. List the prime factors of r.
7, 107
Suppose -2*z - 27*j = -25*j - 6800, 3*j = 0. What are the prime factors of z?
2, 5, 17
Suppose -19*i = -5*i - 42. Suppose 5*b = b - 2*n + 86, 72 = i*b + 3*n. Let t = b - 8. List the prime factors of t.
11
Let u(h) be the second derivative of 37*h**4/12 - h**3 + 3*h**2 + 39*h. What are the prime factors of u(3)?
3, 107
Suppose 2*s - 2158 = 1712. Let y = 2874 - s. What are the prime factors of y?
3, 313
Let g(c) = 432*c + 231. List the prime factors of g(28).
3, 7, 587
What are the prime factors of (1864/(-5))/(14/1260*-2)?
2, 3, 233
Suppose -5*t + 72195 = 3*y, -147*y = -2*t - 151*y + 28878. What are the prime factors of t?
3, 4813
Let k = -161 + 166. Suppose -t = t - 3*p - 396, 5*t - 980 = k*p. List the prime factors of t.
2, 3
Let c(a) = 5*a - 18. Let t be c(4). Suppose -68 = -3*h + u - t*u, -24 = -h + u. Suppose -26*x + h*x + 192 = 0. What are the prime factors of x?
2
Let o(d) = -14*d**2 - 3*d**2 - 1 - 1 + 7*d - 2. Let k be o(7). List the prime factors of k/(-18) + (-16)/(-72).
2, 11
Let y = 8308 + -2803. List the prime factors of y.
3, 5, 367
Suppose 0 + 8 = -4*y - 3*s, 4 = -4*y - 4*s. Let w(c) = -c**2 + 1. Let x(r) = 6*r**2 + 2*r - 22. Let d(g) = 4*w(g) + x(g). List the prime factors of d(y).
2, 11
Suppose 0*p = p - 169. Suppose l - 88*y = -83*y + 96, 372 = 5*l + 2*y. Suppose -7*j + l = -p. List the prime factors of j.
5, 7
Suppose 0 = 41*g + 124*g - 1479225. List the prime factors of g.
5, 11, 163
Let o be 4224/198*12318/8. What are the prime factors of o/152 + 10/(-95)?
2, 3
Suppose -2*d = -3*d - s - 12, 5*d + 4*s = -55. Let t = 219 - 117. Let h = d + t. List the prime factors of h.
5, 19
Let x = -21 + 19. Let m(j) = -3*j**2 + 19*j + 1. Let t(v) = -4*v**2 + 20*v + 1. Let g(i) = x*t(i) + 3*m(i). What are the prime factors of g(14)?
43
Let b(a) = -15*a**3 + 2*a**2 + 5*a + 4. Let w be b(-2). Let t = -128 + w. What are the prime factors of 137*30/18 + (-4)/t?
229
Let q(y) = 12*y - 168. Let m(o) = -3*o + 42. Let p(b) = -9*m(b) - 2*q(b). Let c be p(17). What are the prime factors of (-384)/c*(-9)/4?
2, 3
Suppose 0 = -5*x + 3*x + 22. Suppose x*r - 252 = -3*r. What are the prime factors of (-2)/(-6) + 3252/r?
181
Let y(c) = 55*c**3 + 2*c**2 - c - 2. Let o be y(-1). Let j = 58 + o. Suppose -13 = -j*z + 139. List the prime factors of z.
2, 19
Let k(z) = -13*z**2 + 423*z - 72. List the prime factors of k(32).
2, 19
Let y(q) = q**3 - 3*q**2 + 3*q + 3. Let z be y(3). Let o be 3/z - (-60)/16. Suppose 264 = 10*w - o*w. What are the prime factors of w?
2, 11
Let s(t) = 266*t**3 + t**2 + 28*t - 158. What are the prime factors of s(5)?
7, 4751
Let i(s) be the first derivative of -14*s**2 - 44*s + 25. Let p be i(-19). Suppose -p = 16*l - 20*l. List the prime factors of l.
2, 61
Suppose -41*d = -24*d - 1904. Suppose -116*i + d*i = -3620. List the prime factors of i.
5, 181
Let n(a) be the second derivative of -47*a**3/3 + 11*a**2/2 - 13*a. Let h be n(-2). Suppose -h = -3*l + 158. What are the prime factors of l?
7, 17
Let h = 10265 - 5229. What are the prime factors of h?
2, 1259
Suppose -b - 3*t + 5373 = 0, -9*b - 4*t = -8*b - 5371. List the prime factors of b.
3, 11, 163
Suppose -5 = -m - 3. Suppose m*f = 27 + 11. Suppose f*h - 110 = 14*h. List the prime factors of h.
2, 11
Let p be 1/(104/(-20) + 5). List the prime factors of (-2 - p)/(9/456).
2, 19
Let r = -38768 - -61865. List the prime factors of r.
3, 7699
Let m be (18/24 - (-1)/4) + -8899. What are the prime factors of m/(-21) - -3 - (-4)/14?
7, 61
Suppose 5*f - 75*i = -73*i + 16879, -4*i = 3*f - 10117. What are the prime factors of f?
3, 5
Let i = 59 - 61. Let m(r) = -53*r**2 - r + 2. Let n be m(i). Let q = 326 + n. List the prime factors of q.
2, 59
Suppose -2*f = 2*i - 61276, 3*f = -4*i + 52768 + 39143. What are the prime factors of f?
13, 2357
Suppose 0 = 5*v - 3*o + 388 + 3618, -3*v + o = 2406. Let j = 1194 + v. List the prime factors of j.
17, 23
Let i = -401 - -431. Suppose 0 = i*p + 21*p - 5661. What are the prime factors of p?
3, 37
Let t(j) = 3*j**2 - 1. Let w be t(-1). Let p be w/((40/316)/(-5)). Let y = p + 93. List the prime factors of y.
2, 7
Let f = -3 + -2. Let p(y) = -56*y - 36. What are the prime factors of p(f)?
2, 61
Suppose 8*h = 13*h + 5*t - 26025, 2*h - 10419 = -5*t. List the prime factors of h.
2, 3, 17
Let h be 60/14 - (37/7 - 5). Let q(w) = w**2 - 12*w + 20. Let u be q(10). Suppose u*v - h*v + 616 = 0. What are the prime factors of v?
2, 7, 11
Suppose -73 = -5*u - 8. Let z be -6*(1 - (87/9 - 6)). Let h = z - u. What are the prime factors of h?
3
Let s(g) = 8816*g**3 + g + 1. What are the prime factors of s(1)?
2, 4409
Let r(i) = 7*i**3 + 2*i**2 - 5*i + 9. Let x be 